*v = -3*s, 4*v = -v + 5*s + 5. Suppose -v*b = -5*g - 12, -2*b + 3*g + 8 = -g. What are the prime factors of b?
2
Suppose 6*t = t. Let z = t - -4. What are the prime factors of 1/(-2) + 18/z?
2
Let o(h) = -3*h - 16. Let j(a) = -a - 1. Let c(g) = 4*j(g) - o(g). List the prime factors of c(9).
3
Suppose 77 = 4*i - 339. What are the prime factors of i?
2, 13
Suppose -13 + 4 = t. Let b = t - -22. What are the prime factors of b?
13
Let z(o) = 42*o - 26. What are the prime factors of z(6)?
2, 113
Let s(j) = -j + 8. Let c(w) = -w**2 - w - 2. Let b be c(-3). List the prime factors of s(b).
2
Let c = -4 - 30. What are the prime factors of -25*(c/10 + 3)?
2, 5
Suppose 2 = -4*m + 6. Suppose v = 5*z - 69, 0 = -z + 3*v + m + 24. What are the prime factors of z?
13
Suppose 3*k - 24 = -0*k. Let r = k - -9. What are the prime factors of r?
17
Suppose -52 = -x - 0*x. What are the prime factors of 4*(-3 - x/(-8))?
2, 7
Suppose r - 4 - 8 = 0. Suppose u = 4*c + 31, -u + 43 = -2*c + r. List the prime factors of u.
31
Let u(r) = -2*r**3 + 3*r**2 + 13*r + 4. List the prime factors of u(-5).
2, 3, 11
Let d = -173 + 258. What are the prime factors of d?
5, 17
Suppose -2*d + 14 + 74 = 0. List the prime factors of d.
2, 11
Let b(m) = -m**3 - 4*m**2 - 3*m - 3. Let d be b(-2). Let p(s) = 2*s. Let u be p(d). Let y = -7 - u. What are the prime factors of y?
3
Let q(u) = -5*u**3 + u**2 - 1. Suppose 7*f = 3*f. Let i = -1 + f. What are the prime factors of q(i)?
5
Let b be (0 - (-2 + 2))/(-2). Suppose -2*k + 6 + 4 = b. Suppose k*o = 2*o + 27. List the prime factors of o.
3
Let n(u) = u + 4. Let w be n(0). Suppose 3*i = 2*i - 2*m + 15, w*m + 25 = 3*i. List the prime factors of i.
11
Let j = -10 + 15. Suppose -k = -j - 1. What are the prime factors of k?
2, 3
Suppose 4 - 17 = -2*p - 3*f, -4*p - f = -11. Suppose 20 = p*a - 40. List the prime factors of ((-54)/a)/((-1)/5).
3
Let g = 2 + -8. What are the prime factors of 2/(-3)*(g - 9)?
2, 5
List the prime factors of -4 + (2 - 227)/(-3).
71
Let v be (-51)/9 + (-4)/(-6). Let f be (-6)/4*(-1 + v). Suppose q - f = -2. List the prime factors of q.
7
Suppose 3*b + i = 4*i + 300, 3*b - i - 292 = 0. What are the prime factors of b?
2, 3
Let h = 2 + -2. Let g = -11 + 29. Suppose 2*b + h*b = g. List the prime factors of b.
3
Let h(r) = r**2 - 3*r - 7. Let w be h(5). Suppose -k = w*k - 128. List the prime factors of k.
2
Suppose -22 = -5*j - 7. Suppose -3*f - 4*u - 13 = -47, -j*f + 33 = 3*u. Let v = f + -7. What are the prime factors of v?
3
Let w(v) = -v**2 + 4*v + 2. Let y be w(-3). Let f = -11 - y. List the prime factors of f.
2
What are the prime factors of ((-2)/(-6))/(9/1107)?
41
Let j(r) = 3*r**3 - 2*r**2 - 2*r. Let b(y) = -2*y - 4. Let x be b(-3). What are the prime factors of j(x)?
2, 3
Let h = 4 - 0. List the prime factors of h.
2
Suppose -5*i - 10 = 0, -i = l + i + 1. Suppose 2*r - 14 = 5*z, 2 = -l*r + z - 5*z. Suppose 0*v + 26 = r*v. What are the prime factors of v?
13
Let s = 79 - 59. What are the prime factors of s?
2, 5
What are the prime factors of ((-14)/(-5))/(18/1035)?
7, 23
Let l(f) = 9*f - 97. What are the prime factors of l(13)?
2, 5
Suppose -8*s + 44 = -10*s. Let z(y) = -y**3 - 6*y**2 - 6*y - 5. Let u be z(-5). What are the prime factors of u*(-2)/6 - s?
2, 11
Suppose -m - 2*w + 54 = 0, -m - m + 103 = 5*w. What are the prime factors of m?
2
Let j = -7 - -11. List the prime factors of j.
2
Suppose -t + 81 = -44. Suppose -2*j - 24 = 5*b - t, 5*b - 107 = j. What are the prime factors of b?
3, 7
List the prime factors of ((-824)/10)/((-168)/(-30) - 6).
2, 103
Let m be (0 + -1 - -2) + 3. Suppose 6 = m*w - 18. Let t(n) = n**2 - 6*n + 2. What are the prime factors of t(w)?
2
Suppose 105 = -2*b + 6*b - 3*o, 5*b - 4*o = 132. List the prime factors of b.
2, 3
Let y(l) be the second derivative of l**4/12 + 5*l**3/6 + 3*l**2 + 2*l. Let v be y(-5). Let o = 5 + v. List the prime factors of o.
11
Suppose 5*t - 80 = x, -24 - 11 = -3*t - 2*x. What are the prime factors of t?
3, 5
Suppose 0 = 2*c - 179 - 167. List the prime factors of c.
173
List the prime factors of (476/49)/((-2)/(-7)).
2, 17
Let v(g) = 0 - 6 + 5*g + g**2 + 2. What are the prime factors of v(-8)?
2, 5
Let j be (-6)/21 + (-60)/(-14). Suppose -2*y = -0*y - j. What are the prime factors of -2*(-3 - y - -1)?
2
Let h(r) = r - 3. Let m be h(7). Let o be (-4)/(-3)*6/m. Suppose o*k = -2*c - c + 13, 2*k = -2. What are the prime factors of c?
5
Let q(g) = -g**3 - 2*g**2 + 4*g + 7. List the prime factors of q(-5).
2, 31
What are the prime factors of 1 + (-3 + 6)/3?
2
Let x(f) = -f**3 + 6*f**2 + 2*f + 7. Let h(z) = 3*z - 3. Let l be h(3). Let t be x(l). Suppose 2*p - 40 = -4*y - 6, t = 3*y - 5*p. List the prime factors of y.
2
Suppose -4*w + 5*g = -49, -3*g + 28 = 3*w + 2*g. List the prime factors of w.
11
Suppose -5*k + 0*f + 151 = 4*f, 5*k - 5*f = 115. List the prime factors of k.
3
Let f = 682 - 414. What are the prime factors of f?
2, 67
Suppose 2*r - 511 = 39. What are the prime factors of r?
5, 11
Let x = -7 + 41. List the prime factors of x.
2, 17
Let i(t) = -3*t**2 + 2*t - 1. Let b be 3/(-12) + (-10)/(-8). Let a be i(b). What are the prime factors of a*(3/(-6) - 1)?
3
Let n = -13 + 25. List the prime factors of (-2)/n + (-939)/(-18).
2, 13
List the prime factors of ((-14)/3)/((-14)/105).
5, 7
Let i(k) be the first derivative of -k**2/2 + 8*k + 2. Let q be i(6). What are the prime factors of (-12)/(-5) + q/(-5)?
2
Suppose 7*r - r - 222 = 0. List the prime factors of r.
37
Suppose -13*k + 192 = -11*k. List the prime factors of k.
2, 3
Let x be 2/(-4) + (-270)/20. List the prime factors of (1 + 2/x)*21.
2, 3
Suppose -3*y + d + 257 = 0, 2*d - 6*d = 4*y - 364. List the prime factors of y.
3, 29
Suppose 2*r - 11 - 81 = 0. Let d = -65 + r. Let f = -10 - d. List the prime factors of f.
3
Suppose 3*a + 4*t + 8 = 0, -4*a - 2*t = 6 - 2. Suppose -3*d = 3*y - 54, -4*y + a*d + 75 = d. What are the prime factors of y?
19
Let h be (-9)/12 - (-23)/4. Suppose -2*n + 5 + h = 0. List the prime factors of n.
5
Let a(s) = s - 1. Let d be a(5). Suppose 124 - 24 = d*w. What are the prime factors of w?
5
Suppose 4*f - 1 = 15. Suppose -13 = -x - f*a + 2, 0 = -5*x + a + 75. What are the prime factors of x?
3, 5
Suppose -2*r = 4*z - 88, -4*z + 2*z - 5*r + 28 = 0. List the prime factors of z.
2, 3
Let v = 9 - 4. Suppose v*h = 25 + 40. List the prime factors of h.
13
Suppose 0*h - 2*h + 8 = 0. Let f be 929/h + (-6)/24. List the prime factors of 3/(-5) - f/(-20).
11
Suppose o + 3*v = 3*o + 235, -3*o = -4*v + 355. Let s = -75 - o. What are the prime factors of s?
2, 5
Let v(x) = x + 9. Let j(u) = -u**2 - 6*u + 7. Let b be j(-7). What are the prime factors of v(b)?
3
Let k be (2/6)/((-3)/(-90)). Let w be k/45 - 94/18. What are the prime factors of (-2 - w)*13/3?
13
Suppose -2*s - s + 66 = 0. List the prime factors of (-8)/(-44) - (-238)/s.
11
Let a = -2 + 3. Let i(f) = 29*f**3 + 2*f**2 - f. Let t be i(a). Suppose 0 + t = 3*n. List the prime factors of n.
2, 5
Suppose 18 = 4*m - 3*m. What are the prime factors of m?
2, 3
List the prime factors of (-200)/(-6) - (-4)/(-12).
3, 11
Let h(o) = 2*o**2 - 2*o - 1. What are the prime factors of h(-5)?
59
What are the prime factors of 1 - (-4 + (100 - -1))/(-1)?
2, 7
Suppose -2*g - 19 - 7 = -4*p, 3*g = 5*p - 35. Let i = 9 - g. List the prime factors of i.
2, 7
Let h be (9/6)/(3/(-4)). Let u be -2 + (2 - -50) + h. What are the prime factors of ((-1)/(-2))/(4/u)?
2, 3
Let w = 196 + -62. Suppose -5*g - 3*v = -w, g + 4*v + 14 - 51 = 0. What are the prime factors of g?
5
Let v = -3 - -2. What are the prime factors of (9/2 + v)*2?
7
Suppose -2*t + 15 = t. Suppose -j - t*p - 104 = -4*j, -3*j - 3*p = -72. List the prime factors of j.
2, 7
Let n(o) = -o**3 - 10*o**2 - 3*o + 7. List the prime factors of n(-10).
37
Suppose -2*h = h - 60. Let d = 38 - h. Let b = d + -10. List the prime factors of b.
2
Let k = -12 + 35. List the prime factors of k.
23
Let x(m) = -m**2 - 6*m - 4. Let c be x(-5). List the prime factors of (6*c)/(-2 + 3).
2, 3
Let w be ((-5)/(-2))/(9/36). Suppose -w*l + 11*l = 22. What are the prime factors of l?
2, 11
Let a(i) = i**3 - 3*i**2 - 10*i + 7. Let p be a(6). Suppose 5 = o, 3*u = 8*u - 4*o - p. What are the prime factors of u?
3, 5
Suppose -3*z - 7